{"id":756,"date":"2013-03-01T18:55:30","date_gmt":"2013-03-01T16:55:30","guid":{"rendered":"http:\/\/christin-deuker.de\/?page_id=756"},"modified":"2020-12-04T15:53:00","modified_gmt":"2020-12-04T13:53:00","slug":"756-2","status":"publish","type":"page","link":"http:\/\/christin-deuker.de\/?page_id=756","title":{"rendered":"Kontakt"},"content":{"rendered":"<!-- wp:themify-builder\/canvas \/--><!--themify_builder_static--><form action=\"http:\/\/christin-deuker.de\/wp-admin\/admin-ajax.php\" class=\"builder-contact\" id=\"tb_3nwe818-form\" method=\"post\" data-post-id=\"0\" data-element-id=\"3nwe818\" > <label for=\"tb_3nwe818-contact-name\">Your Name <\/label> <input type=\"text\" name=\"contact-name\" placeholder=\"\" id=\"tb_3nwe818-contact-name\" value=\"\" \/> <label for=\"tb_3nwe818-contact-email\">Your Email *<\/label> <input type=\"text\" name=\"contact-email\" placeholder=\"\" id=\"tb_3nwe818-contact-email\" value=\"\" required\/> <label for=\"tb_3nwe818-contact-message\">Message *<\/label> <textarea name=\"contact-message\" placeholder=\"\" id=\"tb_3nwe818-contact-message\" rows=\"8\" cols=\"45\" required><\/textarea> <button type=\"submit\"> Send<\/button> <\/form>\n<img decoding=\"async\" loading=\"lazy\" width=\"3744\" height=\"5616\" src=\"http:\/\/christin-deuker.de\/wp-content\/uploads\/2019\/08\/Christin_0168.jpg\" title=\"Christin_0168\" alt=\"Christin_0168\" srcset=\"http:\/\/christin-deuker.de\/wp-content\/uploads\/2019\/08\/Christin_0168.jpg 3744w, http:\/\/christin-deuker.de\/wp-content\/uploads\/2019\/08\/Christin_0168-200x300.jpg 200w, http:\/\/christin-deuker.de\/wp-content\/uploads\/2019\/08\/Christin_0168-768x1152.jpg 768w, http:\/\/christin-deuker.de\/wp-content\/uploads\/2019\/08\/Christin_0168-683x1024.jpg 683w\" sizes=\"auto, (max-width: 3744px) 100vw, 3744px\" \/>\n<p>Bei der Kontaktaufnahme mit mir (z.B. per Kontaktformular) werden die Angaben des Nutzers zur Bearbeitung der Kontaktanfrage und deren Abwicklung gem. Art. 6 Abs. 1 lit. b. (im Rahmen vertraglicher-\/vorvertraglicher Beziehungen), Art. 6 Abs. 1 lit. f. (andere Anfragen) DSGVO verarbeitet. Die Angaben der Nutzer k\u00f6nnen in einem Customer-Relationship-Management System (\u201eCRM System\u201c) oder vergleichbarer Anfragenorganisation gespeichert werden.<\/p> <p>Wir l\u00f6schen die Anfragen, sofern diese nicht mehr erforderlich sind. Wir \u00fcberpr\u00fcfen die Erforderlichkeit alle zwei Jahre; Ferner gelten die gesetzlichen Archivierungspflichten.<\/p><!--\/themify_builder_static-->","protected":false},"excerpt":{"rendered":"<p>Your Name Your Email * Message * Send Bei der Kontaktaufnahme mit mir (z.B. per Kontaktformular) werden die Angaben des Nutzers zur Bearbeitung der Kontaktanfrage und deren Abwicklung gem. Art. 6 Abs. 1 lit. b. (im Rahmen vertraglicher-\/vorvertraglicher Beziehungen), Art. 6 Abs. 1 lit. f. (andere Anfragen) DSGVO verarbeitet. Die Angaben der Nutzer k\u00f6nnen in [&hellip;]<\/p>\n","protected":false},"author":1,"featured_media":0,"parent":0,"menu_order":0,"comment_status":"closed","ping_status":"open","template":"","meta":{"footnotes":""},"class_list":["post-756","page","type-page","status-publish","hentry","has-post-title","has-post-date","has-post-category","has-post-tag","has-post-comment","has-post-author",""],"builder_content":"<img src=\"http:\/\/christin-deuker.de\/wp-content\/uploads\/2019\/08\/Christin_0168.jpg\" title=\"Christin_0168\" alt=\"Christin_0168\" srcset=\"http:\/\/christin-deuker.de\/wp-content\/uploads\/2019\/08\/Christin_0168.jpg 3744w, http:\/\/christin-deuker.de\/wp-content\/uploads\/2019\/08\/Christin_0168-200x300.jpg 200w, http:\/\/christin-deuker.de\/wp-content\/uploads\/2019\/08\/Christin_0168-768x1152.jpg 768w, http:\/\/christin-deuker.de\/wp-content\/uploads\/2019\/08\/Christin_0168-683x1024.jpg 683w\" sizes=\"(max-width: 3744px) 100vw, 3744px\" \/>\n<p>Bei der Kontaktaufnahme mit mir (z.B. per Kontaktformular) werden die Angaben des Nutzers zur Bearbeitung der Kontaktanfrage und deren Abwicklung gem. Art. 6 Abs. 1 lit. b. (im Rahmen vertraglicher-\/vorvertraglicher Beziehungen), Art. 6 Abs. 1 lit. f. (andere Anfragen) DSGVO verarbeitet. Die Angaben der Nutzer k\u00f6nnen in einem Customer-Relationship-Management System (\u201eCRM System\u201c) oder vergleichbarer Anfragenorganisation gespeichert werden.<\/p> <p>Wir l\u00f6schen die Anfragen, sofern diese nicht mehr erforderlich sind. Wir \u00fcberpr\u00fcfen die Erforderlichkeit alle zwei Jahre; Ferner gelten die gesetzlichen Archivierungspflichten.<\/p>","_links":{"self":[{"href":"http:\/\/christin-deuker.de\/index.php?rest_route=\/wp\/v2\/pages\/756","targetHints":{"allow":["GET"]}}],"collection":[{"href":"http:\/\/christin-deuker.de\/index.php?rest_route=\/wp\/v2\/pages"}],"about":[{"href":"http:\/\/christin-deuker.de\/index.php?rest_route=\/wp\/v2\/types\/page"}],"author":[{"embeddable":true,"href":"http:\/\/christin-deuker.de\/index.php?rest_route=\/wp\/v2\/users\/1"}],"replies":[{"embeddable":true,"href":"http:\/\/christin-deuker.de\/index.php?rest_route=%2Fwp%2Fv2%2Fcomments&post=756"}],"version-history":[{"count":66,"href":"http:\/\/christin-deuker.de\/index.php?rest_route=\/wp\/v2\/pages\/756\/revisions"}],"predecessor-version":[{"id":2340,"href":"http:\/\/christin-deuker.de\/index.php?rest_route=\/wp\/v2\/pages\/756\/revisions\/2340"}],"wp:attachment":[{"href":"http:\/\/christin-deuker.de\/index.php?rest_route=%2Fwp%2Fv2%2Fmedia&parent=756"}],"curies":[{"name":"wp","href":"https:\/\/api.w.org\/{rel}","templated":true}]}}